mainder when 524 is divided by 140?
104
What is the remainder when 708 is divided by 232?
12
What is the remainder when 20 is divided by 12?
8
Calculate the remainder when 1023 is divided by 66.
33
What is the remainder when 96 is divided by 29?
9
What is the remainder when 80 is divided by 34?
12
What is the remainder when 424 is divided by 33?
28
What is the remainder when 568 is divided by 82?
76
What is the remainder when 20 is divided by 6?
2
Calculate the remainder when 37 is divided by 34.
3
Calculate the remainder when 4474 is divided by 497.
1
Calculate the remainder when 560 is divided by 123.
68
Calculate the remainder when 2054 is divided by 40.
14
Calculate the remainder when 803 is divided by 72.
11
Calculate the remainder when 4331 is divided by 16.
11
What is the remainder when 2827 is divided by 81?
73
What is the remainder when 778 is divided by 55?
8
What is the remainder when 288 is divided by 78?
54
What is the remainder when 112 is divided by 49?
14
What is the remainder when 11725 is divided by 13?
12
What is the remainder when 65 is divided by 22?
21
Calculate the remainder when 23 is divided by 2.
1
Calculate the remainder when 14321 is divided by 217.
216
Calculate the remainder when 18026 is divided by 18.
8
Calculate the remainder when 299 is divided by 201.
98
Calculate the remainder when 224 is divided by 29.
21
What is the remainder when 56 is divided by 10?
6
What is the remainder when 362 is divided by 109?
35
What is the remainder when 896 is divided by 74?
8
Calculate the remainder when 1568 is divided by 55.
28
Calculate the remainder when 1004 is divided by 491.
22
Calculate the remainder when 6167 is divided by 17.
13
What is the remainder when 11761 is divided by 13?
9
What is the remainder when 88 is divided by 31?
26
Calculate the remainder when 1563 is divided by 13.
3
What is the remainder when 24610 is divided by 293?
291
What is the remainder when 49 is divided by 10?
9
Calculate the remainder when 433 is divided by 15.
13
What is the remainder when 538 is divided by 36?
34
What is the remainder when 1656 is divided by 97?
7
What is the remainder when 5013 is divided by 17?
15
What is the remainder when 757 is divided by 251?
4
What is the remainder when 170 is divided by 51?
17
What is the remainder when 76 is divided by 22?
10
What is the remainder when 932 is divided by 310?
2
What is the remainder when 292 is divided by 10?
2
What is the remainder when 31 is divided by 20?
11
What is the remainder when 39 is divided by 23?
16
What is the remainder when 45 is divided by 6?
3
Calculate the remainder when 354 is divided by 88.
2
Calculate the remainder when 364 is divided by 101.
61
Calculate the remainder when 1215 is divided by 94.
87
Calculate the remainder when 21966 is divided by 65.
61
Calculate the remainder when 568 is divided by 177.
37
What is the remainder when 7217 is divided by 31?
25
What is the remainder when 200 is divided by 27?
11
What is the remainder when 470 is divided by 119?
113
Calculate the remainder when 294 is divided by 39.
21
Calculate the remainder when 423 is divided by 63.
45
Calculate the remainder when 595 is divided by 13.
10
Calculate the remainder when 519 is divided by 293.
226
Calculate the remainder when 258 is divided by 44.
38
Calculate the remainder when 642 is divided by 626.
16
What is the remainder when 278 is divided by 35?
33
Calculate the remainder when 634 is divided by 36.
22
What is the remainder when 2246 is divided by 77?
13
Calculate the remainder when 24 is divided by 4.
0
What is the remainder when 894 is divided by 245?
159
What is the remainder when 1160 is divided by 191?
14
Calculate the remainder when 23 is divided by 22.
1
What is the remainder when 3895 is divided by 8?
7
Calculate the remainder when 1213 is divided by 151.
5
What is the remainder when 185 is divided by 65?
55
Calculate the remainder when 1291 is divided by 292.
123
Calculate the remainder when 432 is divided by 144.
0
What is the remainder when 3083 is divided by 55?
3
What is the remainder when 66 is divided by 41?
25
What is the remainder when 102 is divided by 13?
11
Calculate the remainder when 790 is divided by 8.
6
What is the remainder when 307 is divided by 153?
1
What is the remainder when 2518 is divided by 126?
124
What is the remainder when 2589 is divided by 36?
33
Calculate the remainder when 118 is divided by 15.
13
Calculate the remainder when 3089 is divided by 129.
122
Calculate the remainder when 18305 is divided by 226.
225
What is the remainder when 791 is divided by 73?
61
Calculate the remainder when 685 is divided by 243.
199
Calculate the remainder when 6029 is divided by 5.
4
What is the remainder when 506 is divided by 173?
160
Calculate the remainder when 515 is divided by 14.
11
What is the remainder when 55 is divided by 40?
15
What is the remainder when 7954 is divided by 109?
106
Calculate the remainder when 3452 is divided by 247.
241
Calculate the remainder when 568 is divided by 2.
0
Calculate the remainder when 249 is divided by 30.
9
What is the remainder when 1796 is divided by 118?
26
What is the remainder when 89 is divided by 52?
37
Calculate the remainder when 190 is divided by 140.
50
What is the remainder when 83 is divided by 48?
35
Calculate the remainder when 176 is divided by 163.
13
What is the remainder when 4876 is divided by 40?
36
What is the remainder when 156 is divided by 10?
6
What is the remainder when 1057 is divided by 60?
37
Calculate the remainder when 154 is divided by 37.
6
Calculate the remainder when 153 is divided by 32.
25
Calculate the remainder when 1228 is divided by 12.
4
What is the remainder when 319 is divided by 108?
103
Calculate the remainder when 105 is divided by 54.
51
What is the remainder when 130 is divided by 56?
18
Calculate the remainder when 6355 is divided by 163.
161
What is the remainder when 294 is divided by 4?
2
What is the remainder when 1040 is divided by 50?
40
Calculate the remainder when 688 is divided by 23.
21
Calculate the remainder when 6675 is divided by 159.
156
Calculate the remainder when 46 is divided by 33.
13
Calculate the remainder when 3705 is divided by 309.
306
Calculate the remainder when 1439 is divided by 24.
23
Calculate the remainder when 366 is divided by 4.
2
What is the remainder when 221 is divided by 19?
12
What is the remainder when 2648 is divided by 53?
51
What is the remainder when 4014 is divided by 82?
78
Calculate the remainder when 2725 is divided by 101.
99
Calculate the remainder when 2954 is divided by 29.
25
What is the remainder when 219 is divided by 23?
12
What is the remainder when 970 is divided by 79?
22
Calculate the remainder when 471 is divided by 25.
21
What is the remainder when 211 is divided by 45?
31
Calculate the remainder when 1898 is divided by 386.
354
Calculate the remainder when 205 is divided by 13.
10
What is the remainder when 1159 is divided by 73?
64
What is the remainder when 2452 is divided by 2450?
2
Calculate the remainder when 58841 is divided by 361.
359
Calculate the remainder when 487 is divided by 8.
7
What is the remainder when 204 is divided by 23?
20
Calculate the remainder when 288 is divided by 127.
34
What is the remainder when 71649 is divided by 21?
18
Calculate the remainder when 146 is divided by 5.
1
Calculate the remainder when 256 is divided by 26.
22
What is the remainder when 184 is divided by 35?
9
Calculate the remainder when 3212 is divided by 42.
20
Calculate the remainder when 94 is divided by 27.
13
Calculate the remainder when 994 is divided by 111.
106
Calculate the remainder when 125 is divided by 40.
5
Calculate the remainder when 4044 is divided by 54.
48
What is the remainder when 77 is divided by 50?
27
Calculate the remainder when 91 is divided by 47.
44
Calculate the remainder when 239 is divided by 122.
117
Calculate the remainder when 89 is divided by 24.
17
Calculate the remainder when 722 is divided by 33.
29
What is the remainder when 607 is divided by 202?
1
What is the remainder when 4471 is divided by 31?
7
Calculate the remainder when 510 is divided by 161.
27
What is the remainder when 3985 is divided by 105?
100
Calculate the remainder when 1920 is divided